{"id":675,"date":"2026-01-21T14:20:30","date_gmt":"2026-01-21T22:20:30","guid":{"rendered":"https:\/\/cahnrs.wsu.edu\/descriptive-transcripts\/?page_id=675"},"modified":"2026-01-21T14:20:30","modified_gmt":"2026-01-21T22:20:30","slug":"como-diagnosticar-la-putrefaccion-bacteriana-de-la-cebolla","status":"publish","type":"page","link":"https:\/\/cahnrs.wsu.edu\/descriptive-transcripts\/como-diagnosticar-la-putrefaccion-bacteriana-de-la-cebolla\/","title":{"rendered":"C\u00f3mo diagnosticar La putrefacci\u00f3n Bacteriana de la Cebolla"},"content":{"rendered":"\n<figure class=\"wp-block-embed is-type-video is-provider-vimeo wp-block-embed-vimeo\"><div class=\"wp-block-embed__wrapper\">\n<iframe loading=\"lazy\" title=\"C\u00f3mo diagnosticar La putrefacci\u00f3n Bacteriana de la Cebolla\" src=\"https:\/\/player.vimeo.com\/video\/1091006529?dnt=1&amp;app_id=122963\" width=\"500\" height=\"281\" frameborder=\"0\" allow=\"autoplay; fullscreen; picture-in-picture; clipboard-write; encrypted-media; web-share\" referrerpolicy=\"strict-origin-when-cross-origin\"><\/iframe>\n<\/div><\/figure>\n\n\n\n<h2 class=\"wp-block-heading\">Text Transcript with Description of Visuals<\/h2>\n\n\n\n<table id=\"tablepress-48\" class=\"tablepress tablepress-id-48\">\n<thead>\n<tr class=\"row-1 odd\">\n\t<th class=\"column-1\" style=\"width:50%;\">Audio<\/th><th class=\"column-2\">Video<\/th>\n<\/tr>\n<\/thead>\n<tbody class=\"row-hover\">\n<tr class=\"row-2 even\">\n\t<td class=\"column-1\">[ M\u00fasica ]<\/td><td class=\"column-2\">Un video informativo con una variedad de fotograf\u00edas para mostrar la pudrici\u00f3n e infecciones en las cebollas. Las palabras aparecen al lado de las fotograf\u00edas durante todo el video. Texto en pantalla. C\u00f3mo diagnosticar la pudrici\u00f3n bacteriana de bulbos de cebolla. La bacteria que pudre el bulbo entra por el tallo. La bacteria puede afectar una sola capa del bulbo o varias capas. \u00danicamente las de afuera, \u00fanicamente las de adentro, o el bulbo entero.<\/td>\n<\/tr>\n<tr class=\"row-3 odd\">\n\t<td class=\"column-1\">[ M\u00fasica ]<\/td><td class=\"column-2\">Texto en pantalla. El tejido podrido se ve empapado de agua. El tejido puede tener un color caf\u00e9 claro, cafe oscuro, o verde amarillo.<\/td>\n<\/tr>\n<tr class=\"row-4 even\">\n\t<td class=\"column-1\">[ M\u00fasica ]<\/td><td class=\"column-2\">Texto en pantalla. En las cebollas rojas las partes podridas se pueden ver un color rosado o azul verde. El tejido podrido puede tener una textura muy blanda o macerada.<\/td>\n<\/tr>\n<tr class=\"row-5 odd\">\n\t<td class=\"column-1\">[ M\u00fasica ]<\/td><td class=\"column-2\">Video de un l\u00edquido rosado saliendo de la parte del tallo de la cebolla roja a medida que la aplastan. A continuaci\u00f3n, un video de una cebolla siendo cortada por la mitad. La cebolla tiene partes oscuras y amarillentas. Texto en pantalla. Para verificar la pudrici\u00f3n del bulbo, apriete el tallo de la cebolla. Un bulbo suave o blando puede estar podrido. Un l\u00edquido puede salir del tallo podrido. Tenga en cuenta que la germinaci\u00f3n tambi\u00e9n puede hacer que los bulbos se sientan suaves. Corte el bulbo por la mitad para verificar si hay pudrici\u00f3n.<\/td>\n<\/tr>\n<tr class=\"row-6 even\">\n\t<td class=\"column-1\">[ M\u00fasica ]<\/td><td class=\"column-2\">Unas personas oliendo cebollas podridas y partidas por la mitad. A una mujer le dan n\u00e1useas despu\u00e9s de olerla. Texto en pantalla. La pudrici\u00f3n bacteriana huele muy mal. Huele a vinagre o muy agrio, o podrido. Cuando la pudrici\u00f3n comienza en la base del bulbo, en general es una infecci\u00f3n secundaria. La pudrici\u00f3n bacteriana sigue cuando hay una infecci\u00f3n de Fusarium en la base. El tejido podrido, que parece corcho, es un s\u00edntoma t\u00edpico de Fusarium. Moho blanco esponjoso es un signo externo de Fusarium.<\/td>\n<\/tr>\n<tr class=\"row-7 odd\">\n\t<td class=\"column-1\">[ M\u00fasica ]<\/td><td class=\"column-2\">Texto en pantalla. Enfermedades que son similares a la pudrici\u00f3n bacteriana. La pudrici\u00f3n del tallo por brotritis es causada por un hongo. Por lo general, se mueve uniformemente a trav\u00e9s de las capas. Busque crecimiento blanco difuso y esclerocios negros entre las capas. Externamente, busque esporulaci\u00f3n gris difusa y esclerocios negros.<\/td>\n<\/tr>\n<tr class=\"row-8 even\">\n\t<td class=\"column-1\">[ M\u00fasica ]<\/td><td class=\"column-2\">Texto en pantalla. El moho negro es un hongo que puede causar un da\u00f1o interno. En el exterior de los bulbos, el moho negro causa peque\u00f1as esporas a lo largo de las venas cerca del tallo.<\/td>\n<\/tr>\n<tr class=\"row-9 odd\">\n\t<td class=\"column-1\">[ M\u00fasica ]<\/td><td class=\"column-2\">Texto en pantalla. El moho azul es otro hongo que puede causar da\u00f1o interno. En el exterior de los bulbos busque por crecimientos de moho color verde. Las capas secas pueden ocurrir dentro del bulbo y se parecen a la pudrici\u00f3n bacteriana pero no huele mal, ni es mojado, como la bacteriana. Las capas transparentes pueden ser causadas cuando hay cosechas en condiciones mojadas, temperaturas altas en el proceso de secado o da\u00f1os f\u00edsicos a los bulbos. S\u00f3lo afecta las primeras tres capas del bulbo, no causa olor ni viscosidad. Las capas transparentes pueden ser invadidas por la bacteria y despu\u00e9s cambian a un color caf\u00e9.<\/td>\n<\/tr>\n<tr class=\"row-10 even\">\n\t<td class=\"column-1\">[ M\u00fasica ]<\/td><td class=\"column-2\">Logotipos de organizaciones y asociaciones. Departamento de Agricultura de los Estados Unidos. Stop the Rot. U S D A gui\u00f3n N I F A. Proyecto dos cero uno nueve, gui\u00f3n, cinco uno uno ocho uno, gui\u00f3n, tres cero cero uno tres. Nature's Ninja. Gr\u00e1ficos de Nature 's Ninja. Una cortes\u00eda de la Asociaci\u00f3n Nacional de las Cebollas. Cornell Cooperative Extension. Cornell Vegetable Program. Universidad Cornell. Fundada en A D mil ochocientos sesenta y cinco.<\/td>\n<\/tr>\n<\/tbody>\n<\/table>\n<!-- #tablepress-48 from cache -->\n","protected":false},"excerpt":{"rendered":"<p>Text Transcript with Description of Visuals<\/p>\n","protected":false},"author":8295,"featured_media":0,"parent":0,"menu_order":0,"comment_status":"closed","ping_status":"closed","template":"","meta":[],"categories":[4],"tags":[],"_links":{"self":[{"href":"https:\/\/cahnrs.wsu.edu\/descriptive-transcripts\/wp-json\/wp\/v2\/pages\/675"}],"collection":[{"href":"https:\/\/cahnrs.wsu.edu\/descriptive-transcripts\/wp-json\/wp\/v2\/pages"}],"about":[{"href":"https:\/\/cahnrs.wsu.edu\/descriptive-transcripts\/wp-json\/wp\/v2\/types\/page"}],"author":[{"embeddable":true,"href":"https:\/\/cahnrs.wsu.edu\/descriptive-transcripts\/wp-json\/wp\/v2\/users\/8295"}],"replies":[{"embeddable":true,"href":"https:\/\/cahnrs.wsu.edu\/descriptive-transcripts\/wp-json\/wp\/v2\/comments?post=675"}],"version-history":[{"count":1,"href":"https:\/\/cahnrs.wsu.edu\/descriptive-transcripts\/wp-json\/wp\/v2\/pages\/675\/revisions"}],"predecessor-version":[{"id":676,"href":"https:\/\/cahnrs.wsu.edu\/descriptive-transcripts\/wp-json\/wp\/v2\/pages\/675\/revisions\/676"}],"wp:attachment":[{"href":"https:\/\/cahnrs.wsu.edu\/descriptive-transcripts\/wp-json\/wp\/v2\/media?parent=675"}],"wp:term":[{"taxonomy":"category","embeddable":true,"href":"https:\/\/cahnrs.wsu.edu\/descriptive-transcripts\/wp-json\/wp\/v2\/categories?post=675"},{"taxonomy":"post_tag","embeddable":true,"href":"https:\/\/cahnrs.wsu.edu\/descriptive-transcripts\/wp-json\/wp\/v2\/tags?post=675"}],"curies":[{"name":"wp","href":"https:\/\/api.w.org\/{rel}","templated":true}]}}